What is the ten thousands digit of 11809?
1
What is the units digit of 2191?
1
What is the thousands digit of 5727?
5
What is the tens digit of 284?
8
What is the hundreds digit of 662?
6
What is the tens digit of 116?
1
What is the tens digit of 103?
0
What is the hundreds digit of 14025?
0
What is the tens digit of 90?
9
What is the hundreds digit of 3207?
2
What is the units digit of 21965?
5
What is the tens digit of 327?
2
What is the hundreds digit of 33429?
4
What is the tens digit of 3972?
7
What is the thousands digit of 2913?
2
What is the units digit of 3802?
2
What is the thousands digit of 2836?
2
What is the thousands digit of 8503?
8
What is the units digit of 35866?
6
What is the units digit of 59430?
0
What is the thousands digit of 19753?
9
What is the thousands digit of 5415?
5
What is the units digit of 2481?
1
What is the hundreds digit of 4292?
2
What is the tens digit of 105132?
3
What is the tens digit of 356?
5
What is the units digit of 2095?
5
What is the hundreds digit of 21717?
7
What is the thousands digit of 10598?
0
What is the ten thousands digit of 57463?
5
What is the hundreds digit of 7841?
8
What is the thousands digit of 9403?
9
What is the units digit of 36189?
9
What is the units digit of 30189?
9
What is the thousands digit of 50072?
0
What is the hundreds digit of 10448?
4
What is the tens digit of 21957?
5
What is the units digit of 2105?
5
What is the units digit of 2193?
3
What is the tens digit of 1858?
5
What is the units digit of 15494?
4
What is the units digit of 62?
2
What is the units digit of 769?
9
What is the ten thousands digit of 14610?
1
What is the ten thousands digit of 89063?
8
What is the tens digit of 363?
6
What is the hundreds digit of 32617?
6
What is the tens digit of 16695?
9
What is the tens digit of 231?
3
What is the tens digit of 9225?
2
What is the ten thousands digit of 19019?
1
What is the units digit of 32258?
8
What is the tens digit of 345?
4
What is the tens digit of 826?
2
What is the hundreds digit of 29971?
9
What is the tens digit of 678?
7
What is the units digit of 1010?
0
What is the units digit of 126663?
3
What is the thousands digit of 39364?
9
What is the thousands digit of 61331?
1
What is the tens digit of 13456?
5
What is the thousands digit of 89810?
9
What is the hundred thousands digit of 139009?
1
What is the thousands digit of 5151?
5
What is the hundreds digit of 28531?
5
What is the hundreds digit of 80442?
4
What is the tens digit of 5396?
9
What is the hundreds digit of 2809?
8
What is the tens digit of 14976?
7
What is the tens digit of 165?
6
What is the tens digit of 564?
6
What is the hundreds digit of 33316?
3
What is the tens digit of 14181?
8
What is the tens digit of 730?
3
What is the hundreds digit of 73150?
1
What is the tens digit of 4778?
7
What is the hundreds digit of 796?
7
What is the units digit of 1353?
3
What is the hundreds digit of 14732?
7
What is the tens digit of 275?
7
What is the units digit of 1312?
2
What is the units digit of 7291?
1
What is the units digit of 501?
1
What is the tens digit of 2409?
0
What is the tens digit of 27651?
5
What is the tens digit of 466?
6
What is the hundreds digit of 1891?
8
What is the thousands digit of 3360?
3
What is the units digit of 860?
0
What is the units digit of 1028?
8
What is the hundreds digit of 496?
4
What is the tens digit of 3202?
0
What is the hundreds digit of 11801?
8
What is the hundreds digit of 48054?
0
What is the tens digit of 105098?
9
What is the tens digit of 15805?
0
What is the tens digit of 684?
8
What is the units digit of 296?
6
What is the thousands digit of 43722?
3
What is the hundreds digit of 1601?
6
What is the units digit of 11412?
2
What is the tens digit of 13100?
0
What is the units digit of 98?
8
What is the hundreds digit of 311?
3
What is the ten thousands digit of 23104?
2
What is the tens digit of 16516?
1
What is the tens digit of 251?
5
What is the hundreds digit of 7763?
7
What is the hundreds digit of 4697?
6
What is the units digit of 831?
1
What is the units digit of 4429?
9
What is the hundreds digit of 914?
9
What is the units digit of 1106?
6
What is the units digit of 5395?
5
What is the thousands digit of 42228?
2
What is the thousands digit of 2267?
2
What is the ten thousands digit of 14890?
1
What is the hundreds digit of 18802?
8
What is the tens digit of 7919?
1
What is the thousands digit of 2269?
2
What is the hundreds digit of 70570?
5
What is the ten thousands digit of 26237?
2
What is the tens digit of 414?
1
What is the thousands digit of 18918?
8
What is the thousands digit of 6319?
6
What is the tens digit of 655?
5
What is the thousands digit of 1959?
1
What is the hundreds digit of 16843?
8
What is the ten thousands digit of 31241?
3
What is the thousands digit of 62737?
2
What is the tens digit of 1070?
7
What is the thousands digit of 5570?
5
What is the tens digit of 12056?
5
What is the hundreds digit of 7676?
6
What is the units digit of 646?
6
What is the units digit of 799?
9
What is the units digit of 19993?
3
What is the ten thousands digit of 11460?
1
What is the hundreds digit of 539?
5
What is the ten thousands digit of 41370?
4
What is the hundreds digit of 1225?
2
What is the units digit of 39?
9
What is the thousands digit of 2018?
2
What is the hundreds digit of 24173?
1
What is the hundreds digit of 114967?
9
What is the tens digit of 1356?
5
What is the units digit of 37424?
4
What is the hundreds digit of 8377?
3
What is the hundreds digit of 45941?
9
What is the tens digit of 35?
3
What is the hundreds digit of 47096?
0
What is the thousands digit of 3406?
3
What is the thousands digit of 6660?
6
What is the ten thousands digit of 52134?
5
What is the tens digit of 6920?
2
What is the tens digit of 27?
2
What is the tens digit of 18605?
0
What is the tens digit of 4494?
9
What is the thousands digit of 9157?
9
What is the ten thousands digit of 42790?
4
What is the thousands digit of 3571?
3
What is the hundreds digit of 781?
7
What is the tens digit of 147?
4
What is the tens digit of 41294?
9
What is the hundreds digit of 34918?
9
What is the units digit of 32775?
5
What is the thousands digit of 39462?
9
What is the tens digit of 3298?
9
What is the hundreds digit of 1237?
2
What is the units digit of 46459?
9
What is the ten thousands digit of 30168?
3
What is the units digit of 3873?
3
What is the units digit of 2133?
3
What is the thousands digit of 8944?
8
What is the tens digit of 539?
3
What is the units digit of 18949?
9
What is the tens digit of 97660?
6
What is the hundreds digit of 1384?
3
What is the units digit of 7840?
0
What is the units digit of 7527?
7
What is the units digit of 2081?
1
What is the units digit of 63996?
6
What is the tens digit of 919?
1
What is the hundreds digit of 4510?
5
What is the tens digit of 12278?
7
What is the hundreds digit of 2052?
0
What is the units digit of 36424?
4
What is the units digit of 95356?
6
What is the thousands digit of 2515?
2
What is the tens digit of 4027?
2
What is the units digit of 134?
4
What is the units digit of 12551?
1
What is the tens digit of 51521?
2
What is the tens digit of 11490?
9
What is the ten thousands digit of 15105?
1
What is the tens digit of 20607?
0
What is the thousands digit of 15117?
5
What is the tens digit of 3306?
0
What is the hundreds digit of 1462?
4
What is the units digit of 785?
5
What is the ten thousands digit of 40621?
4
What is the hundreds digit of 311?
3
What is the hundreds digit of 285?
2
What is the units digit of 4900?
0
What is the thousands digit of 60277?
0
What is the hundreds digit of 426?
4
What is the thousands digit of 2737?
2
What is the hundreds digit of 52401?
4
What is the hundreds digit of 1844?
8
What is the ten thousands digit of 79273?
7
What is the units digit of 1587?
7
What is the tens digit of 34637?
3
What is the hundreds digit of 3144?
1
What is the units digit of 10276?
6
What is the units digit of 3769?
9
What is the thousands digit of 5774?
5
What is the hundreds digit of 137804?
8
What is the tens digit of 3330?
3
What is the ten thousands digit of 13137?
1
What is the units digit of 118213?
3
What is the units digit of 402?
2
What is the units digit